= 3*v**2 + 2*v + 1. Calculate o(a).
2
Suppose -i + 5 = 6. Let q(a) be the second derivative of -a**5/10 + a**3/3 + a**2/2 - 22*a. Give q(i).
1
Let s(g) = -2*g**2 - 4*g - 3. Suppose 2*h + 4*y + 14 = h, -2*y = 2*h + 10. Let d be s(h). Let w(z) = 7*z + 4. Give w(d).
-17
Let q be ((-10)/(-8))/(3/(-12)). Let z be 1 - 2 - 1*q. Let j be z + 0 - (-1)/(-1). Let b(h) = h**3 - 3*h**2 + 3. What is b(j)?
3
Let x(d) be the first derivative of -d**2/2 + 5*d + 3. Give x(6).
-1
Let y(z) = -z + 5. Let j(a) = 6*a - 36. Let u(c) = -2*j(c) - 15*y(c). Suppose -n - 2 = 8. Let k = 13 + n. Give u(k).
6
Let i(r) be the second derivative of -7*r**5/20 - r**3/6 - r**2/2 + 2*r - 79. Suppose 0 = -2*a - 0*f + f - 6, 3*a = -5*f + 17. What is i(a)?
7
Let q(t) = -t**2 - t + 1. Suppose 3*n = 5*m + 12 - 36, 4*m - 21 = 3*n. Suppose 5 + 1 = -m*g. Give q(g).
-1
Let y(h) = h**2 + 4*h - 2. Let p be y(-5). Let k(z) = -2*z + p*z + 2 + z - 6*z. Give k(2).
-6
Let l(t) = -5 - 2 + t**2 - 1 + 5 + 7*t. Let g be l(-8). Let o(h) = -h**3 + 7*h**2 - 2*h + 2. Let z(r) = r**2 - r. Let i(d) = o(d) - 2*z(d). Calculate i(g).
2
Suppose -6*m + 7 = -m - 3*f, 4*f - 6 = -m. Let q(u) = u + 5 + m*u - 4*u. What is q(5)?
0
Let y(d) = 5*d**2 + 4*d - 9. Let n(z) = z**2 - 1. Let m(t) = -6*n(t) + y(t). Calculate m(2).
1
Let z(l) = 7*l**2 - l. Suppose 15 = r + 2*r. Let j be (-4)/(0 - -2)*(7 - 5). Let c = r + j. Give z(c).
6
Let s(b) = -3*b**3 - 2*b**2 + 3*b. Let c(w) = -4*w**3 - w**2 + 4*w. Let h(z) = -2*c(z) + 3*s(z). Give h(-4).
-4
Let g be 2/(-9) - 2/(36/86). Let z(u) = -u - 10. Give z(g).
-5
Suppose -v - 4 = 5*m - 0*v, -3*m + v = -4. Let w(p) = p**3 + 6. Calculate w(m).
6
Let p(t) = -12*t**2 + t. Let d(c) = -12*c**2 + c. Let q(i) = -4*d(i) + 3*p(i). Calculate q(1).
11
Let h(a) = -5*a**2 + 8*a - 5. Let g(q) = -q**2 + 1. Let i(b) = 4*g(b) - h(b). What is i(6)?
-3
Let x(o) = o + 1. Let u be x(4). Suppose -5*w - 5*q = 5, 3*w - 5*w - u*q = 8. Let t(p) = -2 - p + 2*p + 2*p - 2*p. Determine t(w).
-1
Suppose 7 = -6*k + 5*k. Let q(y) = 2*y + 9. Give q(k).
-5
Let s(i) = i**3 + i + 1. Let h(b) = 5*b**3 + 7*b**2 + 5*b + 2. Let j(u) = h(u) - 4*s(u). Give j(-7).
-9
Let b = 6 - -1. Let n(w) = 2*w - 7. Calculate n(b).
7
Let y(w) = w**2 - 2. Let f(b) = -b - 1. Let s(m) = f(m) - y(m). Suppose 0 = -4*a - l + 6, -5*a + 0*l + 3*l - 1 = 0. Calculate s(a).
-1
Let h(m) = 5*m - 4. Let y = 8 + -5. Let b be h(y). Let c be 3/(-6) + b/2. Let i(j) = -j. Give i(c).
-5
Let m be (-3 - (-14)/4)*0. Let o(q) = -q + 4. Give o(m).
4
Let h(g) = -g**3 + 2*g**2 - 2*g + 1. Suppose 0 = u + 1 + 9. Let f = 12 + u. What is h(f)?
-3
Let t = -14 - -17. Let i(f) = 0*f + 3*f**3 + 8*f**t - 7*f + 5*f - 1. Calculate i(-1).
-10
Let y(h) = h**2 - 5*h - 2. Suppose -2*d - 3 = 4*j + d, -j + 4*d + 23 = 0. Determine y(j).
-8
Let u(l) = l**2 - 6*l - 2. Let y(i) = -10*i - 3. Let d be y(-1). What is u(d)?
5
Let u be 5/2*(-4 - -2). Let n(y) = 7*y - 3*y + y**2 - 5 + 3. Give n(u).
3
Let b be 2*-2*(-10)/(-8). Let f(x) = 3*x - 6 + x**2 + 4 + 3*x. What is f(b)?
-7
Suppose -s - 2*g - 12 = 0, -3*s + 4*g = 7 + 19. Let m = 9 + s. Let i(r) = 8*r**2 + 2*r + 1. Calculate i(m).
7
Let d(t) = -9*t + 10*t + 2 - 4*t**2 + 5*t**2 - 9*t. Give d(4).
-14
Let q(x) = -x**3 + x + 2. Let y(g) = -4*g - g**3 - 7 + 0*g**2 + 0*g**3 + 6*g**2. Let c be y(5). What is q(c)?
8
Let h(i) be the first derivative of -i**2/2 + 10*i - 1. Suppose -f = -3*x + 3, 6*x - 9 = 3*x + 3*f. Calculate h(x).
10
Let a = -7 + 15. Let x(v) = -v**2 + 7*v + 6. Let b be x(a). Let i(d) = 5 + 1 + d**2 - 3 + 4*d. Calculate i(b).
-1
Suppose -2*y + 4 = -0. Let n(t) = 12*t**2 - y*t - 6*t**2 - 5*t**2. What is n(3)?
3
Let v = -6 + 12. Suppose 0 = r + r - v. Let a(g) = g**2 + g - 4. Give a(r).
8
Let u(w) be the first derivative of -5/6*w**3 + 2 + 1/2*w**2 + 0*w - 1/12*w**4. Let t(l) be the second derivative of u(l). Calculate t(-5).
5
Let b(p) be the first derivative of 5*p**3/3 - p**2 - 2*p - 15. What is b(2)?
14
Let g = -79 - -87. Let v(m) = -m + 11. Give v(g).
3
Let q(l) = l**3 - l**2 - 2*l + 3. Suppose -x + 3*n + 8 = -9, 5*x - 5 = -n. Give q(x).
3
Let c(y) = y**3 + 6*y**2 + 5*y - 3. Let d(g) = -g**2 - 11*g + 16. Let u be d(-12). Suppose 0 = -b + u*b + 15. What is c(b)?
-3
Let m = 9 + -2. Let q(u) = 0 + 5*u - 6*u + m - u**3. Let h = -2 + 2. What is q(h)?
7
Suppose -2*d + 21 = -0*d - 5*x, -d = -5*x - 13. Let o(i) = i**3 - 8*i**2 + 2. Calculate o(d).
2
Let y(p) = -p + 3. Let n be (-18)/27 + 2/3. Determine y(n).
3
Let r(b) = -9 - 3*b**2 - 3*b**2 - 7*b + 6*b**2 - b**2. Suppose -3*a + 15 = 0, -2*k - 5 = -2*a + 17. Determine r(k).
-3
Let l(c) = 4*c + 13 - 12 - c - 2*c. Calculate l(4).
5
Let d(z) = 7*z**2 - z**3 + 3 - 9*z**2 + 8*z**2. Determine d(6).
3
Suppose -8 = -3*a + 7. Let v(l) = -l**3 + 5*l**2 - 6*l + 6. Determine v(a).
-24
Let v = 2 - 5. Let x(q) = 6*q + 4. Let g(s) = -9*s - 6. Let i(j) = -5*g(j) - 8*x(j). Determine i(v).
7
Let x(w) be the third derivative of -w**4/24 + w**3/6 - 5*w**2. What is x(-1)?
2
Let o(w) = 2*w - 1. Let z be o(-1). Let d(y) = -5*y - 5*y**2 - 7 + 1 + 3 - y**3. Give d(z).
-6
Let p(v) = v**3 - 3*v**2 - 4*v + 3. Let h = -32 + 23. Let z = -5 - h. Determine p(z).
3
Let h(p) = -p**2 + 3*p + 2. Let g = -25 + 28. Suppose -j - g = -2*j - 4*z, -2*j - 5*z = -6. Determine h(j).
2
Let x(t) = t**2 - 5*t + 6. Let k(z) = 2*z**2 - 11*z + 13. Let c(q) = 2*k(q) - 5*x(q). Determine c(3).
-4
Let a(c) = c**2 - 2*c + 1. Suppose f + 2 = -u, 4*u = -5*f - 8 + 1. Suppose -v = 2*r - 0*v - 9, -4*r + 9 = 5*v. Let w = u + r. What is a(w)?
4
Let a(p) = p + 1. Let j be a(6). Suppose 0*g - j = -5*s + 4*g, -10 = -5*g. Let i(r) = 2*r**3 + 2*r + 4*r**s - 5*r**2 - 5*r**3 + 4. Determine i(4).
-4
Let y(n) = 3*n**2 + n + 17. Let i(t) = 5*t**2 + 2*t + 26. Let z(u) = 5*i(u) - 8*y(u). Suppose -5*r - 12 = 13. Determine z(r).
9
Let u(k) be the second derivative of k**5/20 + k**4/3 - 7*k**3/6 - 3*k**2/2 + 25*k. Give u(-5).
7
Let n(g) = -g - 7. Let y(m) = -6*m**2 + 6*m**3 - 5*m**3 + 1 - 9*m + 7. Let j(u) = -2*u - 7. Let o be j(-7). Let p be y(o). What is n(p)?
-1
Let h = -4 + 4. Suppose 3*j = -12, h*i = 5*i - j + 26. Let x(v) = -v**3 - 6*v**2 - v. Determine x(i).
6
Let s = 5 + -4. Let m(t) = -t**2 - 1. Let b(f) = -4*f**2 + 3. Let d(l) = s*b(l) + 2*m(l). Let j = 1 + 0. Calculate d(j).
-5
Suppose 0 = -0*v + 5*v - 10, -16 = -4*a - 2*v. Let u(r) = 5*r. Calculate u(a).
15
Let q(p) = 9*p - 16. Let w be q(2). Let n(j) = 2*j**3 - 2*j + 3. Calculate n(w).
15
Let t(y) = y + 7. Let l be (9 + -2)*(1 + -2). Give t(l).
0
Let l(w) = -w**3 + 2*w**2 - 4*w + 3. Suppose -2*t + 0*t + 32 = 0. Let f = t - 14. What is l(f)?
-5
Let v(p) = p**3 + p**2 - p + 1. Let a(x) = 7*x**3 - 3*x**2 + 2*x + 9. Let y(w) = -a(w) + 6*v(w). Calculate y(8).
-3
Let m(p) = -p**3 + 3*p**3 - 2*p + 4*p**2 - 4 - 3*p**3 + 7*p. Let h(z) = z**3 + z**2 - z + 5. Let v be h(0). Determine m(v).
-4
Let b = -26 - -16. Let a be (0 + 2/(-4))*b. Let z(n) = n - 11. Give z(a).
-6
Let g = 14 + -11. Let r(p) = p**3 - 4*p**2 + p - 1. Determine r(g).
-7
Let c be -1*(8 + -3 + -1). Let x(j) = -j**2 - 8*j - 6. Calculate x(c).
10
Let u be -1 - -4 - 3/(-3). Let w be 72/(-16)*(-4)/3. Suppose -u*o + w = -2. Let v(a) = -a**2 - 1. Give v(o).
-5
Let m(s) = 5*s**3 + s**2 + 2*s - 2. Let i(b) = 16*b**3 + 3*b**2 + 5*b - 5. Let c(z) = -3*i(z) + 8*m(z). Give c(1).
-9
Let m(c) be the second derivative of -2*c**3/3 - c**2/2 - 2*c. Calculate m(1).
-5
Let a(d) = -5*d**2 + d + 6. Let y(v) = v**2 - 1. Let w(j) = a(j) + 6*y(j). Let f be (-56)/35 - (-4)/(-10). Determine w(f).
2
Let o(r) be the second derivative of r**4/4 - r**3/6 - r**2/2 - 2*r. Let c(b) = -2*b - 48. Let l be c(-25). Determine o(l).
9
Let y(n) = -2*n**2 + n. Let v(p) = p + 7. Let r be v(-3). Suppose 5*h = 0, -r*h + 24 = -4*u - 5*h. Let i = u - -4. Give y(i).
-10
Let u(h) = 4*h - 6*h**2 + 2*h**3 - h**2 - 2 + 4*h**2. Calculate u(2).
10
Let j(o) = o**3 + 5*o**2 + 3*o. Let u = -4 + 0. Give j(u).
4
Suppose 2*g = -l, 2*l - 2*g = 6*l. Let y(s) be the third derivative of -s**5/60 - s**4/24 + s**3/6 + s**2. What is y(l)?
1
Let t = -9 + 26. Suppose 0 = -0*p - 4*p + r + 29, 2*p - t = r. Let q(i) = 5*i - 9. Let g(u) = -4*u + 9. Let a(m) = -3*g(m) - 2*q(m). Determine a(p).
3
Let i(b) = -b**2 + 15*b - 29. Let u be i(12). Let c(z) = 2*z - 8. Give c(u).
6
Let q(a) = -a**3 - 5*a**2 - 5. Let y(n